is the greatest common divisor of q and h?
11
Let j be 15*((-141)/(-15) + -1). Let t(w) = 2*w**2 - w - 1. Let z(l) = l - 1. Let y be z(4). Let m be t(y). Calculate the greatest common factor of j and m.
14
Let t(l) = l**2 - l - 1. Let d be t(-2). Suppose 101 = d*g + 1. Calculate the greatest common factor of 8 and g.
4
Let p be (-4 - 3/(-6))*-20. Calculate the greatest common divisor of p and 14.
14
Suppose 4*s - 12 = -0. Suppose 4*d - 4*k - 40 = 0, 2*d + 2*k + s*k - 34 = 0. Calculate the greatest common divisor of d and 96.
12
Suppose -4*y = -5*l - 175, -2*y - 172 = -6*y + 4*l. Suppose -2*s + y = 3*s. Calculate the greatest common factor of 88 and s.
8
Suppose s + 2*s - 33 = 0. Let f(i) = -14*i + 2. Let b be f(-3). Calculate the greatest common divisor of b and s.
11
Let u(a) = a**2 + 9*a + 40. Let d be u(-20). Calculate the greatest common divisor of d and 26.
26
Suppose 4*j = -4*c - 5 + 17, 9 = -5*j + 3*c. Let d = 309 - 179. Suppose j*n = h + n - 40, 3*h + n - d = 0. Calculate the highest common factor of 9 and h.
9
Let j = 50 - -94. What is the highest common divisor of j and 8?
8
Let f be (-6)/(-9) + 920/6. Suppose 0 = -2*p + 7*p - 210. Suppose -2*g - g + p = 0. What is the highest common divisor of f and g?
14
Suppose -2*i = 5*h - 18, -2 = -h - 0*i - 2*i. Suppose 3*q + 2*q = 5*g + 80, -2*q - 4*g + 8 = 0. What is the highest common divisor of h and q?
4
Let f = 64 + 377. Calculate the highest common divisor of 49 and f.
49
Let g be (21 - -1)*1/1. Suppose 0 = 4*q + 3*d - g, -20 = -4*q - 2*d - 0*d. Let c be -5*1*(-8)/10. Calculate the highest common factor of q and c.
4
Suppose -2*r = 2*r. Let s(c) = -c**2 - 10. Let g be s(r). Let i be 141/15 + 4/g. What is the highest common divisor of 6 and i?
3
Let b be (-5)/(-30) - (-142)/12. Calculate the greatest common divisor of 3 and b.
3
Let d(z) = z**2 - 4*z - 4. Let w be d(6). Let y = 2 + w. Calculate the highest common divisor of 25 and y.
5
Suppose -2*f + 0 + 3 = -5*t, 0 = 5*t + 5*f - 25. Let a be t/(-4) - 61/(-4). Suppose -o + 1 + a = 0. What is the greatest common divisor of 4 and o?
4
Let h(l) = -l + 8. Let j be h(7). Let u = -7 - j. Let b be (-12)/u*(-52)/(-6). What is the greatest common divisor of b and 13?
13
Let d = -105 + 111. Calculate the greatest common factor of 6 and d.
6
Let w = 6 - -3. What is the highest common factor of 81 and w?
9
Let u(g) = -5*g + 7*g + 1 + 0*g**2 + 4 + 3*g**2. Let f be u(-4). Let b = -3 - -8. Calculate the greatest common divisor of b and f.
5
Let d(o) = -o**2 - 16*o + 7. Let g be d(-14). Calculate the greatest common divisor of g and 5.
5
Suppose 0 = c - 2 - 4. Let k(q) = -q**2 + 8*q - 1. Let i be k(c). Calculate the highest common divisor of 22 and i.
11
Suppose j = -40 + 14. Let u = j - -50. Calculate the greatest common factor of u and 96.
24
Let v(w) = -6 - 3 + w + 2. Let k be v(9). Suppose -5*m + 32 = 2*l, 4*l + m - 38 - 26 = 0. What is the highest common factor of l and k?
2
Let x = -4 + 9. Suppose 2*a + 36 = x*a. Calculate the highest common divisor of a and 72.
12
Let a be 258/12 + 2/4. What is the highest common divisor of 11 and a?
11
Let a(c) = -18*c**2 - 2*c - 1. Let x be a(-1). Let k = x - -29. What is the greatest common factor of k and 12?
12
Suppose -4*n - 3*x + 26 = -0*x, -3*x + 34 = 5*n. Let v(z) = 2*z**2 - 8*z - 2. Let p be v(7). Calculate the greatest common factor of p and n.
8
Let f = 77 - 59. Calculate the highest common factor of 45 and f.
9
Let i(b) = -b**3 - 7*b**2 - 7*b. Let c = 5 + -11. Let u be i(c). Suppose 0 = -0*l - 14*l + 168. What is the highest common factor of u and l?
6
Let m(r) = -r**3 + 6*r**2 - 3*r - 2. Let t be m(4). Let o = -10 + t. Let v be 114/o + 2/(-8). What is the highest common divisor of v and 70?
14
Suppose 0 = -2*a - 3*h - 1 - 0, 4*h - 4 = -4*a. Suppose 0 = -2*w + a*p, -1 - 6 = -5*w + 3*p. Suppose -w = b - 5. What is the greatest common factor of b and 27?
3
Let n be ((-6)/8)/(3/36)*-4. Calculate the highest common divisor of 18 and n.
18
Suppose -4*q = q - 100. Let m be ((-6)/(-4))/(6/q). Suppose 7 - 187 = -m*t. Calculate the greatest common factor of t and 90.
18
Suppose 3*a + m + 1 = 21, 5 = -5*m. Calculate the greatest common divisor of a and 7.
7
Let j = 113 - 57. What is the highest common factor of 28 and j?
28
Suppose 3 = -5*a - 2*l, -13 = -7*a + 2*a + 2*l. Calculate the greatest common factor of a and 12.
1
Let u(v) = v + 3. Let i be u(12). What is the highest common divisor of i and 20?
5
Suppose 5*i = -10, 6*i = -5*c + 4*i + 36. What is the greatest common divisor of c and 8?
8
Let x(y) = -y**3 - 2*y**2 + y + 5. Suppose -3*n - m - 16 = 0, 0*m + m = 5*n + 16. Let q be x(n). Calculate the highest common factor of 11 and q.
11
Let x be (-16)/(-10) - ((-8)/20 + 0). Calculate the greatest common factor of x and 14.
2
Suppose -5*w = -4*w + 48. Let n = -18 - -99. Let h = n + w. What is the highest common divisor of 22 and h?
11
Let w(b) = 16*b**2 + b. Let z be w(2). Calculate the highest common factor of 44 and z.
22
Suppose 3*o + 9 = 0, -14 = -2*x + o + 97. Let q be (16 - -1) + 1 + 0. What is the greatest common divisor of q and x?
18
Suppose 0 = 2*n - 5 + 1. Suppose -j + n*j = 39. Let f(i) = -i**3 + 8*i**2 - 7*i - 4. Let m be f(6). What is the highest common divisor of j and m?
13
Suppose 0 = 4*i - 0*i. Suppose i*r + 1100 = 5*r. What is the greatest common factor of 20 and r?
20
Suppose -7 - 3 = -5*a. Suppose a*v + 0*v = -4. Let o be ((-36)/(-30))/(v/(-20)). Calculate the greatest common divisor of o and 4.
4
Suppose 4 = -2*y, 3*b + 3*y - 9 = 2*b. Suppose 3*z = b, 0 = 5*q + z - 4*z + 45. Let r be (2/q)/(2/(-18)). What is the highest common factor of r and 33?
3
Let m be -4*((3 - 3) + -1). Let y be m/(3/((-54)/(-4))). What is the highest common divisor of y and 45?
9
Let w(d) = 17*d - 13. Let p be w(5). What is the greatest common factor of 8 and p?
8
Suppose -5*i + 23 + 27 = 0. What is the highest common divisor of i and 50?
10
Let i = 9 + -9. Suppose -2*u + i*u = -24. Calculate the highest common divisor of 84 and u.
12
Let w(o) = -o**2 + 5*o - 4. Let l be w(4). Suppose l = 2*a - 5*a + 9. Calculate the greatest common factor of a and 24.
3
Let y be (76/12)/((-1)/(-3)). Calculate the highest common factor of y and 209.
19
Suppose 0 = -0*t + 4*t + 4. Let w be -2 - (-15 + 1/t). What is the highest common factor of w and 126?
14
Suppose 0 = -6*p + 100 + 200. Calculate the greatest common divisor of 10 and p.
10
Suppose 0 = 2*n - 8 - 28. Suppose -5*q = -7 - 3. Calculate the greatest common divisor of n and q.
2
Let q = 3 + 0. Let l(w) = -w**2 + 7*w + 10. Let o be l(8). Let h be o/7 + (-498)/(-21). What is the greatest common factor of q and h?
3
Let d(z) = 2*z**2 + 6*z - 12. Let i be d(8). Suppose -2*n + 4*k + 96 = 0, -7*n + k + i = -3*n. What is the greatest common factor of n and 8?
8
Let l be ((-2)/3 - 1)/((-2)/12). What is the highest common factor of 2 and l?
2
Let k = -6 + 2. Let c = 2 - k. Calculate the highest common divisor of c and 3.
3
Let y = 61 - 40. Suppose -4*w + 5*w - y = 0. Calculate the greatest common divisor of 3 and w.
3
Suppose -4*c = -0*c - 5*s - 93, 2*c - 45 = 3*s. What is the highest common factor of 216 and c?
27
Let p(q) = q. Let i be p(3). Let t = -2 + i. Let c be (-104)/(t + -2) + 0. Calculate the greatest common divisor of c and 13.
13
Suppose 2*r + 3*o + o + 12 = 0, 4*r = 2*o + 16. Let q = 41 - 40. What is the highest common factor of r and q?
1
Let g(s) = -s + 10. Let d be g(8). Suppose -5*c = k - 279, c - 173 = -d*c + 5*k. What is the highest common factor of 8 and c?
8
Let s(w) = 17*w**2 + w - 7. Let r(p) = -51*p**2 - 3*p + 20. Let y(m) = -6*r(m) - 17*s(m). Let b be y(1). What is the greatest common divisor of 136 and b?
17
Suppose 83 = 5*i - g, -2*i + g - 15 = -50. What is the highest common factor of 64 and i?
16
Suppose 3 = 5*a - 42. Let m(i) = i**3 - 9*i**2 + 1. Let w be m(a). What is the greatest common factor of w and 11?
1
Let n be 14/(-3)*(-108)/42. Let x be 1356/(-44) - (-4)/(-22). Let l = 79 + x. What is the highest common divisor of n and l?
12
Let p(l) = -l - 10. Let k be p(-8). Let s be k/(3 + 19/(-6)). What is the highest common divisor of 18 and s?
6
Suppose 3*c - 169 = d, -55 = 3*c + 2*d - 239. Calculate the highest common divisor of c and 145.
29
L